1*r*y/10 a prime number?
False
Suppose 2*z + 2*x = 59134, 10*z - 2*x + 147847 = 15*z. Is z composite?
True
Suppose -3*s - 7 = 5*g, -8 - 1 = -5*s + 2*g. Suppose -5*j + s = 11. Is (118/(-4))/(j/4) a composite number?
False
Let l(r) = 16*r + 11. Let h = -10 - -9. Let v = h + 13. Is l(v) prime?
False
Let y = 20 + -13. Let k = y - 9. Is ((-3)/6)/(k/596) prime?
True
Let f(q) = 38*q + 6. Let u(c) = -c - 14. Let d be u(-7). Let t be f(d). Let b = -181 - t. Is b composite?
False
Let g(x) = x**2 + 8*x - 8. Let j be g(-9). Suppose 3*z + 11 + j = 0. Let k(i) = -15*i**3 + i**2 - 9. Is k(z) a prime number?
True
Is 62640/100 + (-8)/20 + 0 composite?
True
Suppose v - 14 = 3*v + 3*w, -v - w - 6 = 0. Let q be 3269 + 2 + 4/v. Suppose 0 = 5*r - 5*x - q, -r = -3*r + 5*x + 1305. Is r a prime number?
False
Suppose -4*c + c = -12. Suppose s + 0*s = 5*z + 551, c*z + 436 = -4*s. Let r = -28 - z. Is r prime?
False
Is 0/(4/2) + (10872 - -11) prime?
True
Suppose -37052 = -490*g + 486*g. Is g a prime number?
False
Suppose 3*v - 47811 - 12095 = -2*j, 0 = -3*v + 12. Is j composite?
False
Let x = 248 + 658. Suppose x = -j + 4*j. Is (-4 + j)*(-1)/(-2) composite?
False
Let m(u) = 6 - u + u - 2*u - 7. Let p be m(-5). Is (93/p)/((-4)/(-12)) prime?
True
Is (-17814)/(-9) - (6 + -11)/(-15) prime?
True
Let w be (-5)/15*3*-5. Suppose -335 = -6*z + z + w*f, 2*f = -z + 73. Is z composite?
True
Let s = -2605 - -4364. Is s prime?
True
Is ((-55)/10)/(3 - (-1209)/(-402)) prime?
False
Let d = 72 + -70. Is (-24782)/(-18) + (-6)/(-27) + d a prime number?
False
Let q(s) = 10*s**3 - s**2 - s. Let c = 18 + -19. Let w be q(c). Is (-7068)/w - (-7)/35 a prime number?
False
Suppose -q - 2*k = 2, 0 = -4*q - 0*k + k + 1. Is (-1 - q) + (24 - -884) a composite number?
False
Suppose 10 = 4*c - 14. Suppose c*r = 2*r - 4. Is -7*(-4 + r) - 4 a prime number?
True
Suppose 0 = 36*f - 32*f - 36. Is 18894/f - (-1)/(-3) prime?
True
Let b(c) = -155*c**3 - 2*c**2 - 4*c + 19. Is b(-4) a composite number?
False
Let w(g) = -76*g + 8. Let x = 16 - 11. Let c(l) = -77*l + 8. Let k(n) = x*c(n) - 4*w(n). Is k(-5) prime?
False
Suppose -4*u = -9*u + 25. Suppose -3*n + 0*a - u*a + 1619 = 0, 5*n - 4*a = 2649. Is n a composite number?
True
Let a = -186 + -15. Is a/(-12)*-6*10/(-15) prime?
True
Suppose -5*a + 1257 = 4*v - 3802, a + 2*v - 1013 = 0. Let y = a - 509. Is y a composite number?
True
Suppose h + 1 = -0. Let a be (-3 - h) + (17 - -838). Let g = -554 + a. Is g prime?
False
Let c be -1*(3/(-1))/1. Suppose 2*a - 8 = -5*s, 2*a - 7*a = -c*s - 20. Let u(w) = w + 19. Is u(s) composite?
False
Let r(o) = 9*o + 0*o + 39*o + 17*o + 7. Let a = -41 - -45. Is r(a) composite?
True
Let y = -1356 - -3198. Let r = -1279 + y. Is r a composite number?
False
Let t(s) = 4 + 6*s**3 + 0 + 8*s - 9*s**2 + 7 - 5*s**3. Is t(9) composite?
False
Let h(s) = -34 - 2*s + 0*s - 10*s + 9*s. Let v be h(-14). Suppose -v*j = -10*j + 1076. Is j a composite number?
True
Let m(q) be the first derivative of -6*q**2 - 7*q - 5. Is m(-5) a prime number?
True
Is (3 + -85)/(-2 + 112/58) a prime number?
False
Let j(p) be the third derivative of p**6/15 - p**4/24 - 2*p**3/3 - p**2. Let x(v) be the first derivative of j(v). Is x(1) a composite number?
False
Let j be ((-55)/(-10))/((-2)/(-4)). Suppose -j*w + 1455 = -6*w. Suppose 4*i - w = -3*x, 0*x + 89 = i + 4*x. Is i a prime number?
False
Let b be (26/52)/(1/320). Let p = -57 + b. Is p composite?
False
Let g(x) = 4546*x**3 + 4*x**2 + 8*x - 17. Is g(2) prime?
True
Let m(f) = 60*f**2 - 4*f - 4. Let a be m(4). Let q(h) = -49*h + 247. Let t be q(5). Suppose 2*s - a = -t*s. Is s prime?
False
Let w(m) = m**3 + m**2 - m + 229. Let p be w(0). Let s = 880 - p. Suppose 0 = 5*h + 4*y - 775, h - 3*y = -3*h + s. Is h a prime number?
False
Let z(b) = -9*b + 1469. Is z(0) a composite number?
True
Let l = 4893 - -614. Is l prime?
True
Let y = 12 + -9. Suppose -2*n + y*o + 2 = -n, n = 2*o. Is 187 + (n - -2)*1 a prime number?
False
Let a be (-2)/(-4)*2 + -41. Let o be a + (1 - (-4)/2). Let v = o - -52. Is v a prime number?
False
Suppose 16*n + 222 = 18*n. Suppose 2*x - 11 = 6*t - 5*t, 2*x + t = 17. Let v = x + n. Is v prime?
False
Let s be ((-134)/8)/(5/20). Let w = s - -95. Let c = w - 17. Is c a composite number?
False
Let s be 20/(-12)*(-1 - 2). Suppose s*o - 4 = 86. Is (-9099)/o*4/(-6) a prime number?
True
Let c = 2374 + -1115. Is c a composite number?
False
Suppose 6*c - 6 = 3*c, -2*c = -5*d + 11. Suppose -33 = -d*b + 5*f - 4, b - 15 = 3*f. Suppose 0 = -2*v + 3*v + 1, b*u - 5*v = 38. Is u composite?
False
Let c = 580 - 398. Let r = -4 + -35. Let i = c + r. Is i composite?
True
Let m(q) = q**2 - 8*q - 17. Let a be m(10). Suppose z - a*n = -6*n + 83, 0 = z + n - 83. Is z prime?
True
Suppose -5*y = 73 - 343. Let c = -75 + y. Let s = c + 43. Is s a prime number?
False
Let i(s) = -21*s + 25. Let n be i(8). Let a = n + 366. Is a a composite number?
False
Let r(x) = -x**3 + 2*x**2 + 13*x + 5. Let h(i) = i**3 - 3*i**2 - 14*i - 4. Let b(y) = -6*h(y) - 7*r(y). Is b(7) a prime number?
True
Let y be (10/5)/((-1)/(-2)). Suppose -4*w + 8*m - 3*m = 18, -2*m - 4 = y*w. Is w*1/(4/(-166)) composite?
False
Suppose -745 = 41*u - 42*u. Is u prime?
False
Suppose 2*c + 38 = -5*l + 6*c, 5*l + 2*c + 56 = 0. Let i(o) = -35*o + 12. Is i(l) prime?
False
Let r = -67 + 19. Let d = r + 145. Is d prime?
True
Let x = 15297 - 9484. Let m = -3406 + x. Is m prime?
False
Let s(k) = k**2 + 8*k + 7. Let b be s(-8). Let o(r) = 3*r - 17. Let h be o(b). Suppose h*f - 113 + 356 = 5*u, 2*u - 86 = -4*f. Is u a prime number?
True
Suppose 18*z = -29*z + 372193. Is z a composite number?
False
Let o be (-3 + -3 + 11/2)*-844. Let s = -12 + 17. Suppose x - 27 = 3*u - 694, s*x = -2*u + o. Is u a prime number?
False
Suppose 3*g + 5*r + 7646 = 246, -5*g + 4*r = 12321. Let b = 1751 + g. Let m = 83 - b. Is m a composite number?
False
Suppose -4*n = -2*y - 3*y + 26925, 2*n - 16133 = -3*y. Is y a composite number?
False
Suppose 5*j + 7902 = -0*r + 2*r, 2*r + j - 7926 = 0. Is r composite?
True
Let a be 2 + (-1 - 2) - -11. Let y be (-6)/(-1)*a/(-4). Is (-1896)/(-15) + (-9)/y a prime number?
True
Let k be 52/16*1/((-2)/8). Let t(n) = 2 - 3 + 3 - n. Is t(k) a composite number?
True
Suppose -6*r + 1496 = 4*p - 2*r, -2*r = 3*p - 1121. Suppose -321 = -g - 4*g + z, 0 = 2*z - 8. Suppose -4*a = g - p. Is a a composite number?
True
Let j(m) = 8*m**3 - m**2 - 5*m + 3. Suppose -4*v = 6*v - 40. Is j(v) prime?
True
Let n(z) = z + 21. Let y be n(-19). Suppose -4*s - 190 = -2*p, -3*p + 270 = -3*s + y*s. Is p composite?
False
Let c = -43 - -46. Is (-1)/c*(-855)/3 prime?
False
Let z(c) = 5*c**2 + 58*c - 12. Is z(23) prime?
True
Suppose -2*t - 5*h + 2871 = 0, -3*t - 2841 = -5*t + h. Is t prime?
True
Suppose 34530 = 6*a - 0*a. Is a prime?
False
Let c = 67 - 65. Suppose 1 + 3 = c*d, 4*d - 417 = -j. Is j composite?
False
Let x = 125227 + -56084. Is x a prime number?
True
Let t be (-2 - (3 - 3))/(-2). Let o(l) = 2*l + 1. Let y be o(t). Suppose -v + y*j + 122 = v, v - 71 = -j. Is v prime?
True
Let q = 302 - 151. Suppose q*j - 8884 = 147*j. Is j prime?
True
Suppose -3*c + 10 = -c. Suppose -c*t - 2*z + 10 = -z, 0 = -4*t + 3*z + 8. Suppose -t*k - 2*k - 3*p + 317 = 0, 5*k + 4*p - 395 = 0. Is k a prime number?
True
Let b = -15 - -17. Suppose 0*g = -b*g - 5*m, 4*m = 4*g - 28. Suppose 3*d - 372 = d - g*l, 0 = -2*l + 4. Is d a prime number?
True
Let r be (3/2)/(-1)*38. Let o = r + 231. Suppose -o = -3*j - 0*j. Is j a prime number?
False
Let l(v) = 5*v. Let f(g) = -6*g. Let k(s) = -4*f(s) - 5*l(s). Let x(h) = 2*h + 9. Let j(m) = 6*k(m) + x(m). Is j(-7) composite?
False
Suppose -26*g = -17*g - 83061. Is g composite?
True
Suppose 38*a = 21*a + 165223. Is a prime?
True
Let p = 364 + -174. Suppose 4*b - 246 = p. Is b composite?
False
Let h be ((-2)/(-4))/(4 - 29575/7394). Let y = h + -1860. Is y prime?
False
Let b = 399 - -170. Let q = b - 262. Is q prime?
True
Is 6055/7 + (-4 - -8) prime?
False
Let c(d) = 8 - 4*d + d**2 - 14*d + 9*d + 0*d**2. Let p be c(8). Suppose 2*l + 773 = 3*o - p*o, 3*o - 775 = l. Is o composite?
True
Let x be (14/6 - 2)/((-14)/(-4242)). Suppose d - 48 = -5*c, c - x = -2*d - 4*c. Is d prime?
True
Suppose 0*z + 3*z - 6525 = i, 3*i + 9 = 0. Suppose 5*d - z = -4*u, 0*u + u + 5*d - 551 = 0. Is u prime?